{"id":71,"date":"2023-09-13T16:24:47","date_gmt":"2023-09-13T14:24:47","guid":{"rendered":"http:\/\/www.radio-3.fr\/?page_id=71"},"modified":"2025-11-05T10:35:32","modified_gmt":"2025-11-05T09:35:32","slug":"bio","status":"publish","type":"page","link":"https:\/\/www.radio-3.fr\/index.php\/bio\/","title":{"rendered":"Bio"},"content":{"rendered":"\n<p>RADiO-3 est une bande de 4 poseurs oldschool qui balancent une esp\u00e8ce de Vari\u00e9toRock Soul d\u00e9complex\u00e9e sous forme d\u2019ondes variables, taill\u00e9e pour le live<br>Bruts et romantiques dans la forme, DIY ind\u00e9 dans le fond, presque parfaits ou imparfaits suivant le vide ou le plein<\/p>\n\n\n\n<p>Premier LP en 2023, suivi d\u2019un EP en 2025 autoproduits<br>\u2026 et quelques live qui donnent envie \u00e0 ces clowns de continuer \u00e0 croiser des fauves en sueurs dans des cirques, caves, et temples musicaux, pour gueuler ou chanter leurs titres en fran\u00e7ais bard\u00e9s de riffs nerveux, de rythmiques qui cognent, de refrains scand\u00e9s, et visc\u00e9ralement humains.<\/p>\n\n\n\n<p>RADiO-3 se partage comme une rumeur en circuits courts, de bouche \u00e0 oreille.<br>Voir des visages transpirer la bouche ouverte, des corps bouger, pas des avatars scroller.<\/p>\n\n\n\n<p>Suis le son, le reste c\u2019est du bruit\u2026<br>NOT PUNKS BUT NOT DEAD<\/p>\n","protected":false},"excerpt":{"rendered":"<p>RADiO-3 est une bande de 4 poseurs oldschool qui balancent une esp\u00e8ce de Vari\u00e9toRock Soul d\u00e9complex\u00e9e sous forme d\u2019ondes variables, taill\u00e9e pour le liveBruts et romantiques dans la forme, DIY ind\u00e9 dans le fond, presque parfaits ou imparfaits suivant le vide ou le plein Premier LP en 2023, suivi d\u2019un EP en 2025 autoproduits\u2026 et [&hellip;]<\/p>\n","protected":false},"author":1,"featured_media":0,"parent":0,"menu_order":0,"comment_status":"closed","ping_status":"closed","template":"","meta":{"footnotes":""},"class_list":["post-71","page","type-page","status-publish","hentry"],"featured_media_urls":[],"_links":{"self":[{"href":"https:\/\/www.radio-3.fr\/index.php\/wp-json\/wp\/v2\/pages\/71","targetHints":{"allow":["GET"]}}],"collection":[{"href":"https:\/\/www.radio-3.fr\/index.php\/wp-json\/wp\/v2\/pages"}],"about":[{"href":"https:\/\/www.radio-3.fr\/index.php\/wp-json\/wp\/v2\/types\/page"}],"author":[{"embeddable":true,"href":"https:\/\/www.radio-3.fr\/index.php\/wp-json\/wp\/v2\/users\/1"}],"replies":[{"embeddable":true,"href":"https:\/\/www.radio-3.fr\/index.php\/wp-json\/wp\/v2\/comments?post=71"}],"version-history":[{"count":7,"href":"https:\/\/www.radio-3.fr\/index.php\/wp-json\/wp\/v2\/pages\/71\/revisions"}],"predecessor-version":[{"id":333,"href":"https:\/\/www.radio-3.fr\/index.php\/wp-json\/wp\/v2\/pages\/71\/revisions\/333"}],"wp:attachment":[{"href":"https:\/\/www.radio-3.fr\/index.php\/wp-json\/wp\/v2\/media?parent=71"}],"curies":[{"name":"wp","href":"https:\/\/api.w.org\/{rel}","templated":true}]}}